**2 - 53*h - 26. Let r(x) = -3*f(x) - 2*o(x). What is the remainder when r(-20) is divided by 97?
95
Let k be (-24)/(-18)*((-38)/4 - -2). Let q be 16/k + 2 - 8424/(-40). Let f = -122 + q. What is the remainder when f is divided by 13?
11
Let r = 4532 - 4402. Calculate the remainder when 220 is divided by r.
90
Let x(i) = 4*i**3 + 8 + 9*i**2 + 9*i - 3*i**3 + 15 - 10 - 3. Suppose 5*h = -4*b - 49, 4*b + h + 20 + 9 = 0. Calculate the remainder when x(b) is divided by 11.
9
What is the remainder when 121 is divided by 46/(-23)*(-190)/5?
45
What is the remainder when 202 is divided by ((-5 - -2) + 35/15)/((-6)/648)?
58
Let i(z) = 4*z + 13. Let v be i(6). Suppose 3*m = 2*u + 4*m - v, 2*u - 49 = -5*m. Let p = 1233 - 1185. Calculate the remainder when p is divided by u.
14
Suppose -5*h = -4*v - 409, 0*v + 5*h = -2*v - 227. Let g = v - -115. Suppose g*y - 8*y = 149. Calculate the remainder when y is divided by 38.
35
Let l(w) = -7*w + 25. Let m be l(-9). Let u = 90 - m. Suppose u*b = 3*a - 108 - 46, 4*a - 202 = b. Calculate the remainder when a is divided by 17.
16
Suppose -8*n = 2*d - 3*n - 487, 2*d = -2*n + 478. What is the remainder when d is divided by 24?
20
Let c(t) = -2*t**2 - 80*t - 346. Calculate the remainder when 305 is divided by c(-11).
13
Suppose -818*t - i + 444 = -814*t, 4*t - 440 = -2*i. Calculate the remainder when 559 is divided by t.
111
Suppose 47*c + 1761 = 2*t + 50*c, 0 = -5*t - 4*c + 4378. What is the remainder when t is divided by 61?
16
Let i(r) = -r**2 + 23*r - 113. What is the remainder when 597 is divided by i(9)?
12
Suppose 0 = -5*x - 5*m + 40, 2*m + 2 - 7 = -x. Suppose 5724 = -11*t + 10*t. What is the remainder when 0 - (4/16 + t/48) is divided by x?
9
Let g = 35228 - 35085. What is the remainder when 1448 is divided by g?
18
Let u = -266 + -9. Let y = u - -417. What is the remainder when y is divided by 36?
34
Suppose 5*o - 5 = 10. Suppose 0 = 2*b - 5*d + 8, -o*d + 5 = 2*b - 3*b. Suppose -41 = -4*p - b. Calculate the remainder when 29 is divided by p.
9
Suppose -123*u + 9019 = -575. Suppose -5*i - 68 = -3*y, -4*i = -4*y + i + 84. Calculate the remainder when u is divided by y.
14
Suppose 0 = -13*a + 10*a + u + 189, 4*u = a - 74. Calculate the remainder when 298 is divided by (a - 2)/((-30)/(-15)).
28
Suppose -1021 = -83*q - 274. What is the remainder when q is divided by 1?
0
Suppose -137*x + 115 = -132*x + 3*n, 2*x - n - 46 = 0. Calculate the remainder when (1 + -4)/((-1)/57) is divided by x.
10
Let a(r) = 218*r - 1064. What is the remainder when 1216 is divided by a(5)?
20
Suppose -4*x - 97 = -2*l - 275, 2*x + 109 = -l. Let v = l + 106. What is the remainder when 104 is divided by v?
6
Let t(n) = n**3 + 3*n**2 - 10*n - 17. Calculate the remainder when 306 is divided by t(-4).
5
What is the remainder when 823 is divided by (7 - (-5385)/45)*(-6)/4*-1?
63
Suppose -4*f = -v - 208, -4*v + 2*f + 3*f - 777 = 0. Calculate the remainder when 367 is divided by v/(-3) + (-70)/105.
57
Let m(u) = -4*u**2 - 3*u + 8. Let s be m(3). Let p = 36 + s. Calculate the remainder when ((-175)/(-14))/(p/(-2)) is divided by 16.
9
Let s be (-1 + (-7)/(-5))*15. Let b(l) = 3*l**2 - 3*l + 57. Calculate the remainder when b(s) is divided by 30.
27
Suppose 0 = 4*i - 180 - 80. Let b = i + -35. Suppose 59*a - 103*a = 80*a - 1364. What is the remainder when b is divided by a?
8
Suppose -2*n + 9 = -5. Suppose 3*t - n = 2. Suppose p + 26 + t = 4*c, p + 36 = 5*c. What is the remainder when 7 is divided by c?
0
Let y = 2142 - 1110. What is the remainder when y is divided by 52?
44
Suppose 8*t - 24 = 296. What is the remainder when t is divided by 27?
13
Let v(b) = -2*b**3 + 730*b**2 - 1445*b - 2505. What is the remainder when 2144/6 - (-4)/6 is divided by v(363)?
34
Suppose 5*o - 17 + 2 = 0. Let y(g) = 20*g**3 - 2*g - 8*g**o - 7*g - 11*g**3 - 3*g**2 + 12. What is the remainder when y(5) is divided by 7?
3
Suppose 338 - 2 = 7*t. Suppose 44 = 4*j - 4*z, 2*z - t = -j - 2*j. Calculate the remainder when 167 is divided by j.
13
Let g(l) = -9*l**2 + 32*l + 20. Let p(d) = -4*d**2 + 17*d + 10. Let i(r) = 3*g(r) - 7*p(r). Calculate the remainder when 189 is divided by i(24).
7
Let f(j) = j**2 + 23*j - 950. What is the remainder when f(123) is divided by 9?
7
Suppose -2*w = -2*p + 1508, -3*p + 2*w - 356 + 2622 = 0. Calculate the remainder when p is divided by 125.
8
Let l(v) = -2*v**3 + 2*v**2 + 3*v + 6. Let u be l(3). What is the remainder when 62 is divided by (u/(-2))/((-2)/(-4))?
20
Suppose 27*d = 15*d. Suppose d = 3*m - 0*m - 51. Let v = 4 + 62. What is the remainder when v is divided by m?
15
Let m = 33 - 29. Let o = 23 - 11. Calculate the remainder when (-1)/m + (-1593)/(-36) is divided by o.
8
Calculate the remainder when 5758 is divided by (-110)/2*(-15)/((-660)/(-8)).
8
Let f = 183 + -87. Calculate the remainder when f is divided by 130/4 + 49/98.
30
Suppose 64*f = 60*f - 4*c + 36, c = f - 13. Calculate the remainder when 486 is divided by f.
2
Let b(h) = h**3 - 7*h**2 + h - 41. Calculate the remainder when b(8) is divided by 15.
1
Let p(b) = -5*b + 86. Suppose 5*d + 2*m = 7*d - 28, 4*d = 5*m + 54. Calculate the remainder when 102 is divided by p(d).
0
What is the remainder when (-1 - ((-20)/(-8) + -3))*-334 is divided by 47?
26
Let z(j) = -93*j**3 + 12*j**2 + 11*j - 1. What is the remainder when 210 is divided by z(-1)?
24
Suppose -m - 363 = -4*m. Suppose -5*a + 156 = 4*h, -5*a + 3660*h = 3659*h - 161. What is the remainder when m is divided by a?
25
Let g(m) = -102*m - 3027. What is the remainder when 476 is divided by g(-30)?
14
Calculate the remainder when 507 is divided by ((-21)/4)/((-117)/(-40) - (72 - 69)).
17
Suppose 36 = 2*j - 3*c - c, c + 22 = j. Let z = j + 6. Let r = z + -25. Calculate the remainder when 27 is divided by r.
6
Suppose -47*v - 38*v + 2888 = -66*v. What is the remainder when 1968 is divided by v?
144
Let x = -7422 - -7704. Calculate the remainder when x is divided by 113.
56
Let p(y) = y**3 + 11*y**2 - 15*y - 2. Suppose 3*f - 200 = 223. Suppose f = 2*q - 3*d, 5*d = 3*q + d - 210. What is the remainder when q is divided by p(-12)?
32
Let x(y) = y**3 + 14*y**2 + 2*y + 36. Suppose 5*h - 148 = 2*u, 0 = h - 9*u + 5*u - 44. What is the remainder when h is divided by x(-14)?
4
Suppose m + 25*t + 81 = 0, 26*t = 31*t + 50. What is the remainder when m is divided by 34/4*(-4)/(-2)?
16
Suppose -6*o + 3*o = -2*w - 17, -o = -3*w - 15. Calculate the remainder when (-4)/(-20)*55 - 2 is divided by o.
0
Let r(v) = v**3 - 8*v**2 + 7*v + 6. Let c(n) = -12*n**3 - 5*n**2 - 12*n + 5. Calculate the remainder when c(-4) is divided by r(8).
59
Suppose 3*b - 8*b - 5*h + 245 = 0, 5*b - h = 239. Let d(q) = 45*q**2 + 6*q - 5. Calculate the remainder when d(2) is divided by b.
43
Suppose 239*z + 36 = 241*z - 2*m, -2*z + 34 = -4*m. Calculate the remainder when 246 is divided by z.
18
Let r = 136 - 124. Suppose -191 = -8*i + 257. What is the remainder when i is divided by r?
8
Let i = -77 + 174. Suppose 7277 = 3*r + 1616. Let q = r - 1878. What is the remainder when i is divided by q?
7
Suppose 37*k - 8*k - 551 = 0. What is the remainder when 1574 is divided by k?
16
Suppose -14*g = -46*g + 512. What is the remainder when 3695 is divided by g?
15
Suppose -8*y = 5*i - 3*y - 450, 5*i = 4*y + 414. Suppose -4*j + 3*j = -255. Calculate the remainder when j is divided by i.
83
Let t = 103 + -47. Suppose -t*j + 68*j = 252. Let k = -5 - -12. Calculate the remainder when j is divided by k.
0
Let b be (-1 + -1)*(-1 - 7 - 80). Let y = -74 + b. What is the remainder when y is divided by 35?
32
What is the remainder when 105 is divided by (2356/(-155))/((-4)/10)?
29
Suppose 1473*a = 1459*a + 2982. What is the remainder when a is divided by 43?
41
Let k = 2528 + -2061. Calculate the remainder when k is divided by 144.
35
Let b = -356 - -360. What is the remainder when (3/(b + -1))/((-7)/(-2849)) is divided by 41?
38
Let b be (1*2)/((-396)/48 + 8). What is the remainder when 35 is divided by 3*18/(b + 11)?
17
Suppose 8*v - 2865 = 2671. Suppose 631 + v = 9*x. Let n = -115 + x. Calculate the remainder when n is divided by 12.
8
Suppose -k + 104 = 2*w, -k - k + 2*w + 238 = 0. Suppose 166 - 1039 = -264*p + 1503. Calculate the remainder when k is divided by p.
6
Suppose 2882 = 